 0, 4*d - 24 = -p*o. Suppose o = 4*f - 69. What are the prime factors of f?
2, 5
Let p(x) be the third derivative of -11*x**4/12 - x**3/6 + 11*x**2. List the prime factors of p(-1).
3, 7
Let a(c) = 259*c**2 + c. List the prime factors of a(1).
2, 5, 13
Let g(q) = 2*q - 22. Let m(y) be the second derivative of 2*y**3/3 - 11*y**2 - 3*y. Let b be m(9). List the prime factors of g(b).
2, 3
Let d(j) = j**3 - 3*j**2 - j - 1. Let w be d(4). Let m be ((-88)/w)/(4/14). Let g = 80 + m. What are the prime factors of g?
2, 13
Suppose -4*s + 3*b + 1273 = 0, -s + 3*b - 82 + 398 = 0. List the prime factors of s.
11, 29
Suppose -3*b + 2054 + 1423 = 0. What are the prime factors of b?
19, 61
Suppose -r - 20 = 5*l, 0 = 2*l + l + 12. Suppose r = m - 12. List the prime factors of 483/m + (-4)/16.
2, 5
Let l(f) = f**3 + 18*f**2 - 92*f - 25. What are the prime factors of l(-17)?
2, 457
Suppose 58 = 4*q - h, -38 = -5*q - 5*h + 22. Suppose q*o - 1089 = 3*o. What are the prime factors of o?
3, 11
Suppose 2*u - 3*r = 100, -3*r - 56 = -u - 0*u. Let n be 4/38 - (-9 - (-8808)/(-76)). Suppose f = -p + 29, -3*f + u - n = -3*p. What are the prime factors of p?
2, 7
Let z = -6177 - -9097. What are the prime factors of z?
2, 5, 73
Let x = 20 + 8. Let c be (2 - -3)*(-6)/15*2. Let w = c + x. List the prime factors of w.
2, 3
Let o be (-6)/(-4) - 50/(-20). Suppose 24 = -0*k + o*k. Suppose -4*t + c = -18, c = -t + 2*c + k. What are the prime factors of t?
2
Let c(q) = -q**3 + 2*q**2 - 10*q - 20. List the prime factors of c(-3).
5, 11
Suppose 0 = 2*h + 16 + 14. Let n = h - -16. What are the prime factors of (-315)/(-30)*n*2?
3, 7
Suppose -3*j + 0*j + 75 = 0. Suppose 0*u - j = -5*u. Suppose 56 = 3*q + u*z, q + 5*z = 5*q - 133. List the prime factors of q.
3
Suppose -r = n - 2128, 0 = 3*n - 7*n - 5*r + 8513. What are the prime factors of n?
3, 709
Let j be (0 + 1)*-4 - -3. Let s be (-3 - j)*(-5 + 3). Suppose 0 = -s*q + 2*q + h + 27, 3*q - 60 = -5*h. What are the prime factors of q?
3, 5
Suppose -2*k - 5564 = -4*k - 4*u, -k + 2*u + 2766 = 0. List the prime factors of k.
2, 19, 73
Let a be ((-2)/4)/(4/(-104)). Suppose 5*z + 32 + a = 0. List the prime factors of 5/15 - 96/z.
11
Suppose 0 = 5*m - k - k - 1518, m = -k + 298. List the prime factors of m.
2, 151
Let n(o) = o**3 + 6*o**2 - o - 4. Let k be n(-6). Suppose 0 = k*a, -2*x + 0*x + 122 = 5*a. List the prime factors of x.
61
Let z(x) = -3*x**3 - 5*x**2 - 7*x - 7. Let a(l) = -2*l**3 - 4*l**2 - 8*l - 7. Let f(h) = 4*a(h) - 3*z(h). What are the prime factors of f(7)?
2, 3, 5, 7
Suppose 18*f = 1301 + 5881. What are the prime factors of f?
3, 7, 19
Suppose 3*x - 4*x = -64. Let f = -44 + x. Suppose 4*i = l - f, -i + 5*i = -l + 44. What are the prime factors of l?
2
Suppose n = 3*f + 390, n - 378 = 4*f + 142. Let d = f + 191. What are the prime factors of d?
61
Let a be 2 + -1*(-6)/2. Suppose -3*v + 4*v = 2, 0 = a*m + 5*v - 115. What are the prime factors of (m - 2)/(3 - 2)?
19
Let r(l) = 4*l - 6. Suppose -67 - 5 = -4*a. Let z be ((-2 + a)/2)/1. List the prime factors of r(z).
2, 13
What are the prime factors of (-1792)/(-12) + (-60)/(-90)?
2, 3, 5
Suppose -10*o + 11*o = 2. Suppose 193 = o*m + 73. What are the prime factors of m?
2, 3, 5
Let w = 2434 - -841. What are the prime factors of w?
5, 131
Let v(i) = 14*i - 18. Let o be v(7). Let c = -32 + o. What are the prime factors of c?
2, 3
Let r(g) be the third derivative of g**5/60 + g**4/24 + 3*g**3/2 - 7*g**2. Let v be r(9). Let c = v - 52. List the prime factors of c.
47
Let z(d) = -d**3 - 7*d**2 - 8*d - 4. Let u be z(-6). Suppose 5*k - 2*p - 104 = 0, 0 = -0*p - 4*p - u. What are the prime factors of k?
2, 5
Let s = -87 - -253. Let b = s + 21. List the prime factors of b.
11, 17
List the prime factors of 4/18 - 16188/(-54).
2, 3, 5
Let d be (2 - 6/(-9)) + 8/24. Suppose -5*l = 4*m - 0*l - 381, -m + 90 = d*l. List the prime factors of m.
3, 11
Suppose -5*w + 3127 = q, 0 = 2*w + 2*w + 4*q - 2508. List the prime factors of w.
5
Let i(s) = -22*s + 217. What are the prime factors of i(-34)?
5, 193
Let t be (-21)/((-4)/4) - -1. Suppose -w - t = 5*i, 2*i - w = -4*w - 1. Let n = i + 42. List the prime factors of n.
37
Suppose -5 = 2*q - 9. Let g(s) = 18*s**2 - 2*s**q + s - 3*s - s - 2. What are the prime factors of g(-2)?
2, 17
Let t(r) = -9*r - 3. Let k(v) = 26*v + 8. Let j(a) = 6*k(a) + 17*t(a). Let c be j(-3). What are the prime factors of (-712)/c - 2/6?
59
Suppose -989 = -69*z + 68*z. List the prime factors of z.
23, 43
Let m be (6/(-9))/((-12)/126). Suppose 168 = m*o + 7*o. List the prime factors of o.
2, 3
Let z(r) = 24*r**2 - 13*r + 40. List the prime factors of z(8).
2, 23
Suppose 2970 = 12*v - 9*v. List the prime factors of v.
2, 3, 5, 11
Let n be 4 + 0/(4 + -2). Suppose -r - 4*w - 4 = n*r, w = -1. Suppose 2*a - 93 + 25 = r. List the prime factors of a.
2, 17
Let f(c) = -1335*c - 69. List the prime factors of f(-2).
3, 17
Let s be 4/(-10) - 16/(-40). Let g be 0 - (3 - s - 6). Suppose -g*h + 32 = -25. What are the prime factors of h?
19
Suppose -3*k = -5*t + 6917, 1380 = -t + 2*t - 4*k. What are the prime factors of t?
2, 173
Let j = 231 - -112. List the prime factors of j.
7
Suppose 2*a + 1592 = 4*i + 428, -a = i - 288. What are the prime factors of i?
2, 5, 29
Let h = 6 - 2. Suppose 2*m - 36 = -h*m. Suppose m*o - 2*o - 112 = 0. What are the prime factors of o?
2, 7
Suppose f + 974 - 3698 = 0. What are the prime factors of f?
2, 3, 227
Let v = -547 - -1414. What are the prime factors of v?
3, 17
Let w be (-4)/(-4*1)*1. Suppose s - w = 3. Suppose -o - 4*o = s*f + 17, -f - 4*o - 18 = 0. What are the prime factors of f?
2
Let r be 274/(-8) - 1/(-4). Let d = 108 + r. What are the prime factors of d?
2, 37
Let l(h) = -2*h**2 - h + 4. Let j be l(0). Let k be 98*((-10)/j + 3). Suppose -r = 4*r + 2*f - k, -2*f = -2*r + 14. What are the prime factors of r?
3
Suppose 0 = -13*k + 16*k - 3237. What are the prime factors of k?
13, 83
Suppose -x + 2*n + 89 = 5*n, -n - 5 = 0. List the prime factors of 3 + -3 + (x - -3).
107
Let s = 614 - -4073. List the prime factors of s.
43, 109
Suppose 0 = -3*n - 2*a + 5320, 2*n - 5*a - 2930 = 642. What are the prime factors of n?
2, 3, 37
List the prime factors of 3018*5/35 + (-2)/14.
431
Suppose 7*g = 9*g - 6. Suppose g*t = 562 + 158. What are the prime factors of t?
2, 3, 5
Let r(t) be the first derivative of 2*t**3 + 4*t**2 - 5*t + 12. List the prime factors of r(3).
73
Suppose -t = -2*t. Suppose t = m - 5*v - 18, 21 = -2*m + 2*v + 73. Let n = m - 10. List the prime factors of n.
2, 3
Suppose -20*w = -17*w. Suppose 4*g - 44 - 228 = w. Suppose -3*i - g = -7*i. What are the prime factors of i?
17
Let w be (-13)/(4/8*-2). Suppose 7*y - w*y + 132 = 0. What are the prime factors of 27/9 + y + 0?
5
Let q = -45 + 30. Let g = q + 18. Suppose -4*r - 16 = -2*u, -2*u + r - 2 = -g*u. What are the prime factors of u?
2
Let o(w) be the first derivative of -w**4/2 - w**3 - 2*w**2 - 5*w + 21. What are the prime factors of o(-3)?
2, 17
Suppose 7*j - 125 = -5*y + 2*j, -4*j = -4*y + 76. What are the prime factors of y?
2, 11
Let r(y) = y**2 - y. Let d be r(1). Suppose -3*o + 313 + 101 = d. What are the prime factors of o?
2, 3, 23
Let f(g) = 7*g + 8 - 12*g**2 + 19 + 27*g**2. What are the prime factors of f(-3)?
3, 47
Suppose 19*u = 22*u - 330. Suppose -112*y + 454 = -u*y. What are the prime factors of y?
227
Let j(x) = 1742*x**2 - 3*x - 2. What are the prime factors of j(-1)?
3, 7, 83
Suppose -26*x = -1794 - 18122. List the prime factors of x.
2, 383
Let l = 23 + -18. Suppose -l*g = 6*g - 1397. What are the prime factors of g?
127
Suppose 29*i + 2*s = 27*i + 154, s + 379 = 5*i. List the prime factors of i.
2, 19
Suppose -4 = m - 2*f, 8*m = 5*m + 5*f - 8. Suppose -3*i - 3*t = -0*t - 342, 2*i + m*t = 226. List the prime factors of i.
5, 23
Let l(y) = y**3 + y**2 + 18. Let d be l(0). Let o(w) = w**3 - 19*w**2 + 20*w + 33. List the prime factors of o(d).
3, 23
List the prime factors of 149*(-5 - (-6)/(0 - -1)).
149
Let p(k) = k**2 + 5*k - 31. List the prime factors of p(-10).
19
Let n(v) = -21*v + 189. What are the prime factors of n(-6)?
3, 5, 7
Let m = 26 - 32. Let c be -4 + 3*m/(-3). Suppose 0 = d - c*d + 51. List the prime factors of d.
3, 17
Let z(k) = k**2 + k - 131. Let c